Let x be (2523/58)/((-1 + -3)/(-8)) - -5. Let o be 1148/5 + 2/5. What is the greatest common factor of o and x?
46
Let s = -2 + 5. Let d(m) = m + 17. Let x be d(-4). Let u(y) = -4*y + 67. Let p be u(x). Calculate the highest common divisor of p and s.
3
Suppose 3*g - 23 - 37 = 0. Suppose 3*v + 5*p + 2 = 82, -v = -5*p - 40. Calculate the greatest common factor of v and g.
10
Let n(d) = d**3 + 4*d**2 - 9*d - 18. Let g(k) = k**2 + k - 4. Let z be g(0). Let b be n(z). Calculate the greatest common factor of b and 90.
18
Suppose s - 3*y - 3 = 0, -y + 9 - 20 = 3*s. Let j(a) = -6*a - 2. Let w be j(s). Let g = -1696 - -1840. What is the greatest common divisor of w and g?
16
Let j = -3 + 9. Suppose 4*n + 6*h = h + 20, -16 = 3*n - 4*h. Let s be (j + -20)/(-1 - n). What is the highest common factor of s and 70?
14
Let w = 73 + -205. Let a = -117 - w. Calculate the highest common factor of 6 and a.
3
Let k = -32 + 33. Suppose 9 + 0 = 4*b - c, 3*b - 3*c = 18. What is the highest common divisor of k and b?
1
Suppose v - 30 = 87. Let x be (6/(-9))/((-3)/v). What is the highest common factor of x and 39?
13
Suppose 0 = -4*l + 8 + 4, -285 = 4*h + l. Let g = 168 + h. Suppose 1 = -v + g. What is the highest common divisor of v and 38?
19
Suppose 4*c = 4*u - 11 - 69, 4*c + 8 = u. Calculate the highest common divisor of 152 and u.
8
Let p = 23 - -1. Let w = p + 132. Calculate the highest common divisor of 39 and w.
39
Suppose 18 = x - 3*n, 4*n + 59 - 56 = -x. What is the greatest common divisor of x and 99?
9
Let h = -214 + 241. Calculate the greatest common divisor of h and 54.
27
Let m = -16 - -43. Let o be (-1 - 1 - -4) + 7. Let z be 7*12 + o/(-3). What is the greatest common factor of z and m?
27
Suppose 0 = -7*r + 6437 - 179. What is the highest common factor of r and 6?
6
Suppose -j - 4*s = -73, -4*j + 4*s = -557 + 205. Calculate the greatest common factor of j and 35.
5
Let k = -895 - -904. What is the greatest common factor of 207 and k?
9
Let s(g) = 2*g**3 - 2*g**2 - g - 2. Let u be s(2). Let k be u*-1*(-1 - 2). Let v = -751 + 754. What is the greatest common factor of k and v?
3
Let r = 575 - 552. Calculate the greatest common divisor of r and 253.
23
Suppose 343*b + 1760 = 365*b. What is the greatest common factor of 260 and b?
20
Let u(n) = -152*n + 13. Let s be u(-1). Let f = -8 - -23. What is the highest common divisor of f and s?
15
Let l = -472 + 498. Calculate the greatest common divisor of 78 and l.
26
Let h(m) = -m**2 - 6*m + 6. Let w be h(10). Let y = 286 + w. Let g(l) = 11*l**2 + 1. Let j be g(1). What is the greatest common divisor of y and j?
12
Suppose 5*o + 3*s = 91, -6*s + s - 15 = 0. Let i = 36 - o. Suppose 3*a - i = a. Calculate the greatest common factor of 56 and a.
8
Let c(p) = p + 8. Let w be c(-4). Suppose 0 = w*r + 202 - 70. Let s be (r/(-6) - 2)*6. Calculate the highest common divisor of 189 and s.
21
Suppose -9 = -11*i + 46. Suppose i*q - 123 = v, -v = -q - 6*v + 35. What is the highest common divisor of 25 and q?
25
Let w = -11 + 18. Suppose -w = -z - 1. Let o be ((-63)/z)/(3/(-4)). What is the greatest common divisor of o and 42?
14
Let g(n) = -3*n + 6*n - 4 + n**2 + 12. Let k be g(-7). What is the highest common divisor of 4 and k?
4
Let r be ((-645)/(-10))/((-12)/(-80)). What is the greatest common factor of r and 10?
10
Let f(q) = 8*q - 57. Let l be f(7). Let m be (-2)/(((-5)/l)/(-60)). Calculate the greatest common factor of m and 8.
8
Suppose 8 = 2*c, 2*s - 4*s + 5*c = -8. Calculate the greatest common divisor of s and 154.
14
Let f(w) = 13*w - 4. Let d be f(19). Suppose 0 = -x + 5, -3*l = x - 2*x - 76. Calculate the highest common factor of l and d.
27
Let c = 90 - 72. Calculate the greatest common divisor of 78 and c.
6
Let h(m) = -15*m - 1. Let l = 87 - 88. Let w be h(l). What is the highest common factor of 126 and w?
14
Suppose 4*x - 144 = 4*l, l = -5*x - 3*l + 153. Let s = 139 - 117. Calculate the greatest common factor of x and s.
11
Suppose -4*l - l + 172 = 4*i, 3*l + 172 = 4*i. Suppose 62*o - 24*o = 8170. Calculate the highest common divisor of o and i.
43
Let g be 208/5 - 3/5. Suppose 3 + g = 4*l. Let q = 24 - 23. What is the highest common divisor of q and l?
1
Let s(r) = 4*r - 34. Let w be s(9). What is the highest common divisor of w and 8?
2
Let g = 266 - 166. What is the greatest common factor of 350 and g?
50
Let a be (12/10)/(3/700). Suppose 0 = 7*l - 2*l - a. Calculate the highest common factor of l and 7.
7
Let d(s) = s - 1. Let w be d(-10). Let r = 0 - w. Let y(p) = 9*p**2 + 3*p - 2. Let q be y(3). Calculate the greatest common divisor of r and q.
11
Let v = 110 + 132. Suppose -v = 4*r - 2*i, 3*r - 2*i + i = -181. Let b = -21 - r. Calculate the greatest common factor of 13 and b.
13
Let x = -6 + -4. Suppose -76 = -5*b - 4*k, -65 + 1 = -4*b - 4*k. Let n = b - x. What is the greatest common divisor of 55 and n?
11
Let o be 712/44 + (-7)/(539/14). Calculate the highest common factor of 368 and o.
16
Let b = 785 - 635. Calculate the highest common divisor of 375 and b.
75
Let k(t) = -t**2 + 40*t + 11. Let h(p) = -p**2 + 60*p + 17. Let n(i) = -5*h(i) + 7*k(i). Let w be n(-9). Calculate the greatest common divisor of w and 70.
10
Suppose -322*z - 3834 = -2*g - 325*z, -4*g - z = -7658. Calculate the greatest common factor of g and 66.
66
Let i = -156 + 198. Calculate the greatest common divisor of i and 28.
14
Suppose -3*g + 3*s + 213 = 2*s, -3*s = -3*g + 207. Suppose 0 = 140*i - 765 - 1268 + 773. Calculate the highest common factor of g and i.
9
Suppose 4095 = 280*z - 259*z. Calculate the highest common divisor of z and 25.
5
Suppose -170 = 6*h - 746. What is the greatest common divisor of 32 and h?
32
Let u be (-2)/8 - (-7)/(-4). Let y be 163*u + 8 + -10. Let z be (-24)/(-42) + y/(-14). Calculate the highest common factor of 6 and z.
6
Let p = -258 + 260. Let i(g) = 63*g - 1. Let z be i(2). Suppose 3*b = -4*d + z, p*b + 5 = b. Calculate the highest common divisor of 5 and d.
5
Let q = 20 - 15. Suppose -3*n + q*n + 10 = 0. Let y be (17 - (3 + n)) + -3. What is the highest common factor of y and 8?
8
Suppose 0 = 17*s - 18*s + 17. Suppose -18*i + 161 = -s*i. Let y = -71 + i. What is the highest common factor of 10 and y?
10
Suppose -5*s = d + 19, 0 = 3*d - s - 28 + 5. Suppose d*w - 43 + 13 = 0. What is the highest common divisor of w and 1?
1
Let j be 6/15 + (-13)/(-5). Suppose -23 = -j*c + 7. Let n(k) = k + 47. Let t be n(-22). What is the highest common factor of t and c?
5
Suppose -4*a + a + 30 = 5*h, 3*h - 5*a = 18. Suppose 2*j + j - 3*x + 9 = 0, -2*x = 2*j + 2. Let f = 8 + j. What is the highest common divisor of f and h?
6
Let o(b) = -b**3 - 3*b**2 + 8*b - 4. Let w be o(7). Let f = 718 + w. What is the greatest common divisor of 35 and f?
35
Suppose 1 = z - 0. Suppose l = -z + 6. Let u = 114 - 79. Calculate the highest common factor of u and l.
5
Let a = 35 - 31. Suppose -2*k - 2 = -a, 5*k + 19 = 3*i. What is the highest common divisor of 56 and i?
8
Suppose -5*t = -2*m - 3*m + 6250, -5*m + 6286 = 4*t. What is the highest common factor of 11 and m?
11
Let g = 159 + -81. Let p = -18 + 8. Let l = g - p. What is the greatest common factor of 8 and l?
8
Let r = 154 + -91. Suppose -5*i + 48 = 7*i. Suppose 6*x - 11*x + 53 = i*n, 4*x + 5*n - 46 = 0. Calculate the highest common factor of r and x.
9
Suppose -45 = 4*s + 4*d - 49, 0 = 5*d + 25. Suppose 0 = c - 8 - 22. What is the highest common divisor of s and c?
6
Suppose 3*s + 5 = 8. Let x = 0 - s. Let m be ((-1)/x)/(5/35). Calculate the highest common factor of m and 77.
7
Suppose -2*y + 414 - 123 = 5*z, 4*z + 2*y - 234 = 0. Calculate the greatest common divisor of z and 1425.
57
Let x = 12 - 2. Suppose -r + 4*g = -x - 0, -4*g - 16 = -4*r. What is the highest common factor of 4 and r?
2
Let m = 16 + -5. Let l be -22*10/40*(0 + -2). Calculate the highest common factor of m and l.
11
Suppose -k - 2*i = -4, -38 + 100 = 5*k - 4*i. Calculate the greatest common divisor of 320 and k.
10
Let v(z) = -z**2 + 17*z + 38. Let d be v(19). Suppose d = -2*l + 3*b + 51, 3*l - 3*b = -l + 117. Calculate the greatest common factor of 297 and l.
33
Let v = 745 + -313. Calculate the greatest common divisor of 16 and v.
16
Let s be 114/(-9)*(-396)/24. Calculate the greatest c